{"id":287,"date":"2025-08-25T14:03:32","date_gmt":"2025-08-25T19:03:32","guid":{"rendered":"https:\/\/actionforclimate.earth\/?page_id=287"},"modified":"2026-03-04T06:13:56","modified_gmt":"2026-03-04T11:13:56","slug":"ac-en-reservas-naturales","status":"publish","type":"page","link":"https:\/\/actionforclimate.earth\/index.php\/ac-en-reservas-naturales\/","title":{"rendered":"Reservas Naturales &#8211; Alianzas"},"content":{"rendered":"\n<div class=\"wp-block-group is-layout-constrained wp-block-group-is-layout-constrained\" style=\"padding-top:0;padding-bottom:0\">\n<div class=\"wp-block-columns has-background is-layout-flex wp-container-core-columns-is-layout-28f84493 wp-block-columns-is-layout-flex\" style=\"background-color:#f0f5fa\">\n<div class=\"wp-block-column has-background is-layout-flow wp-block-column-is-layout-flow\" style=\"background-color:#f0f5fa\">\n<h3 class=\"wp-block-heading\">Papel de la conservaci\u00f3n privada en la acci\u00f3n clim\u00e1tica<\/h3>\n\n\n\n<div class=\"wp-block-group is-layout-constrained wp-block-group-is-layout-constrained\">\n<div class=\"wp-block-columns is-layout-flex wp-container-core-columns-is-layout-28f84493 wp-block-columns-is-layout-flex\">\n<div class=\"wp-block-column is-layout-flow wp-block-column-is-layout-flow\">\n<p>La conservaci\u00f3n de \u00e1reas naturales o semi-naturales es una <strong>acci\u00f3n clim\u00e1tica <\/strong>que contribuye a la conservaci\u00f3n y restauraci\u00f3n de la biodiversidad y aporta a la oferta de servicios ambientales como moderaci\u00f3n de extremos clim\u00e1ticos, conservaci\u00f3n de suelos y seguridad hidrica entre otros.<\/p>\n\n\n\n<p>El ejercicio de conservaci\u00f3n privada se realiza en \u00e1reas constituidas formalmente como reservas de la sociedad civil (RNSC) y hacen parte del sistema nacional de \u00e1res protegidas -SINAP. A agosto de 2025 el \u00e1rea de RNSC en Colombia era de aproximadamente medio mill\u00f3n de hect\u00e1reas. Otra modalidad de conservaci\u00f3n privada ocurre en predios cuyos propietarios les dan un manejo que incluye aplicaci\u00f3n de medidas de conservaci\u00f3n, pero no son declarados como RNSC. Esta modalidad de conservaci\u00f3n privada se conoce como OMEC, acr\u00f3nimo de otras medidas efectivas de conservaci\u00f3n. A la fecha, seg\u00fan el Ministerio de Ambiente de Col\u00f3mbia existen 1.919 OMECs que abrcan 4.557,896 ha<\/p>\n<\/div>\n\n\n\n<div class=\"wp-block-column is-layout-flow wp-block-column-is-layout-flow\">\n<p>En virtud de su naturaleza voluntaria las RNSC se caracterizan por contar con una gobernanza s\u00f3lida que facilita la efectividad en el logro de metas de conservaci\u00f3n y restauraci\u00f3n.<\/p>\n\n\n\n<p>Las RNSC han conformado asociaciones como la Red de Reservas de la Sociedad Civil de alcance nacional y la Red Tasquua cuyas reservas se localizan en el corredor de p\u00e1ramos del centro oriente del pa\u00eds.<\/p>\n\n\n\n<div class=\"wp-block-columns is-layout-flex wp-container-core-columns-is-layout-28f84493 wp-block-columns-is-layout-flex\">\n<div class=\"wp-block-column is-layout-constrained wp-block-column-is-layout-constrained\">\n<figure class=\"wp-block-image aligncenter size-full\"><img loading=\"lazy\" decoding=\"async\" width=\"450\" height=\"312\" src=\"https:\/\/actionforclimate.earth\/wp-content\/uploads\/2025\/08\/Logo-resnatur.png\" alt=\"\" class=\"wp-image-291\" srcset=\"https:\/\/actionforclimate.earth\/wp-content\/uploads\/2025\/08\/Logo-resnatur.png 450w, https:\/\/actionforclimate.earth\/wp-content\/uploads\/2025\/08\/Logo-resnatur-300x208.png 300w\" sizes=\"auto, (max-width: 450px) 100vw, 450px\" \/><\/figure>\n<\/div>\n\n\n\n<div class=\"wp-block-column is-layout-flow wp-block-column-is-layout-flow\">\n<figure class=\"wp-block-image aligncenter size-large is-resized\"><img loading=\"lazy\" decoding=\"async\" width=\"1024\" height=\"1024\" src=\"https:\/\/actionforclimate.earth\/wp-content\/uploads\/2025\/08\/logo-red-tasqua-1024x1024.png\" alt=\"\" class=\"wp-image-290\" style=\"width:158px;height:auto\" srcset=\"https:\/\/actionforclimate.earth\/wp-content\/uploads\/2025\/08\/logo-red-tasqua-1024x1024.png 1024w, https:\/\/actionforclimate.earth\/wp-content\/uploads\/2025\/08\/logo-red-tasqua-100x100.png 100w, https:\/\/actionforclimate.earth\/wp-content\/uploads\/2025\/08\/logo-red-tasqua-300x300.png 300w, https:\/\/actionforclimate.earth\/wp-content\/uploads\/2025\/08\/logo-red-tasqua-150x150.png 150w, https:\/\/actionforclimate.earth\/wp-content\/uploads\/2025\/08\/logo-red-tasqua-1536x1536.png 1536w, https:\/\/actionforclimate.earth\/wp-content\/uploads\/2025\/08\/logo-red-tasqua-2048x2048.png 2048w\" sizes=\"auto, (max-width: 1024px) 100vw, 1024px\" \/><\/figure>\n<\/div>\n<\/div>\n<\/div>\n<\/div>\n<\/div>\n<\/div>\n<\/div>\n\n\n\n<div class=\"wp-block-group has-background is-layout-constrained wp-container-core-group-is-layout-cc5218b1 wp-block-group-is-layout-constrained\" style=\"background-color:#f0f5fa;padding-top:var(--wp--preset--spacing--20);padding-right:var(--wp--preset--spacing--30);padding-bottom:var(--wp--preset--spacing--20);padding-left:var(--wp--preset--spacing--30)\">\n<div class=\"wp-block-columns has-background is-layout-flex wp-container-core-columns-is-layout-28f84493 wp-block-columns-is-layout-flex\" style=\"background-color:#f0f5fa\">\n<div class=\"wp-block-column is-layout-flow wp-block-column-is-layout-flow\">\n<h3 class=\"wp-block-heading\">Reservas aliadas<\/h3>\n<\/div>\n<\/div>\n\n\n\n<div class=\"wp-block-columns is-layout-flex wp-container-core-columns-is-layout-28f84493 wp-block-columns-is-layout-flex\">\n<div class=\"wp-block-column is-layout-flow wp-block-column-is-layout-flow\">\n<figure class=\"wp-block-image size-large\"><img loading=\"lazy\" decoding=\"async\" width=\"1024\" height=\"484\" src=\"https:\/\/actionforclimate.earth\/wp-content\/uploads\/2025\/08\/portada-BLC-1024x484.jpg\" alt=\"\" class=\"wp-image-7\" srcset=\"https:\/\/actionforclimate.earth\/wp-content\/uploads\/2025\/08\/portada-BLC-1024x484.jpg 1024w, https:\/\/actionforclimate.earth\/wp-content\/uploads\/2025\/08\/portada-BLC-600x284.jpg 600w, https:\/\/actionforclimate.earth\/wp-content\/uploads\/2025\/08\/portada-BLC-300x142.jpg 300w, https:\/\/actionforclimate.earth\/wp-content\/uploads\/2025\/08\/portada-BLC-768x363.jpg 768w, https:\/\/actionforclimate.earth\/wp-content\/uploads\/2025\/08\/portada-BLC.jpg 1500w\" sizes=\"auto, (max-width: 1024px) 100vw, 1024px\" \/><figcaption class=\"wp-element-caption\">Bosque Alto &#8211; Andino RNSC Bosque La Candelaria<\/figcaption><\/figure>\n\n\n\n<h4 class=\"wp-block-heading\" id=\"Bosque_La_Candelaria\">Bosque La Candelaria<\/h4>\n\n\n\n<p>Ubicada en el municipio de Guasca &#8211; Cundinamarca, veredas El Salitre y Santa Isabel, cuebta con una xtensi\u00f3n de 16,7 ha. Esta reserva, inicitiva de la famlia Richter Bonilla, inici\u00f3 en 1995 con el objetivo de conservar los fragmentos de bosque maduro alto-andino. Paulatina mente se han reemplazado las coberturas de bosque de pino, abriendo espacio para laregeneraci\u00f3n y restauraci\u00f3n de las coberturas naturales. Aparte de conservar la naturaleza, la reserva cuenta con un programa de formaci\u00f3n art\u00edstica orientado a la poblaci\u00f3n infantil del poblado de El Salitre, contiguo a l reserva.  <\/p>\n<\/div>\n\n\n\n<div class=\"wp-block-column is-layout-flow wp-block-column-is-layout-flow\">\n<figure class=\"wp-block-image size-large\"><img loading=\"lazy\" decoding=\"async\" width=\"1024\" height=\"481\" src=\"https:\/\/actionforclimate.earth\/wp-content\/uploads\/2025\/08\/ChdS_ed-1024x481.jpg\" alt=\"\" class=\"wp-image-300\" srcset=\"https:\/\/actionforclimate.earth\/wp-content\/uploads\/2025\/08\/ChdS_ed-1024x481.jpg 1024w, https:\/\/actionforclimate.earth\/wp-content\/uploads\/2025\/08\/ChdS_ed-600x282.jpg 600w, https:\/\/actionforclimate.earth\/wp-content\/uploads\/2025\/08\/ChdS_ed-300x141.jpg 300w, https:\/\/actionforclimate.earth\/wp-content\/uploads\/2025\/08\/ChdS_ed-768x360.jpg 768w, https:\/\/actionforclimate.earth\/wp-content\/uploads\/2025\/08\/ChdS_ed.jpg 1500w\" sizes=\"auto, (max-width: 1024px) 100vw, 1024px\" \/><figcaption class=\"wp-element-caption\">Ca\u00f1\u00f3n de Las \u00c1guilas RNSC Chochal de Siecha<\/figcaption><\/figure>\n\n\n\n<h4 class=\"wp-block-heading\" id=\"Chochal_de_Siecha\">Chochal de Siecha<\/h4>\n\n\n\n<p>El nombre de la reserva alude a una planta herb\u00e1cea del g\u00e9nero <em>Lupinus<\/em> comunmente llamada &#8220;chocho&#8221;. La reserva se constituy\u00f3 en 2017 y es propiedad de la familia Alzate Camargo. Esta reserva cuenta con una ubicaci\u00f3n privilegiada por su colindancia con el R\u00edo Siecha y la quebrada La Saladera que nacen en el aleda\u00f1o p\u00e1ramo de Chingaza -sector de lagunas de Sieccha y son fuente de abastecimiento para mas de 150 familias aguas abajo. En esta reserva son frecuentas los avistamientos del \u00c1guila Real de P\u00e1ramo <em>Geranoaetus melanoleucus<\/em> y de oso andino <em>Tremarctos ornatus<\/em>. <a href=\"https:\/\/elchochaldesiecha.com\/\" target=\"_blank\" rel=\"noreferrer noopener\">Mas  informaci\u00f3n<\/a>.<\/p>\n<\/div>\n<\/div>\n<\/div>\n<\/div>\n","protected":false},"excerpt":{"rendered":"<p>Papel de la conservaci\u00f3n privada en la acci\u00f3n clim\u00e1tica La conservaci\u00f3n de \u00e1reas naturales o semi-naturales es una acci\u00f3n clim\u00e1tica [&hellip;]<\/p>\n","protected":false},"author":1,"featured_media":0,"parent":0,"menu_order":0,"comment_status":"closed","ping_status":"closed","template":"","meta":{"site-sidebar-layout":"default","site-content-layout":"","ast-site-content-layout":"default","site-content-style":"default","site-sidebar-style":"default","ast-global-header-display":"","ast-banner-title-visibility":"","ast-main-header-display":"","ast-hfb-above-header-display":"","ast-hfb-below-header-display":"","ast-hfb-mobile-header-display":"","site-post-title":"","ast-breadcrumbs-content":"","ast-featured-img":"","footer-sml-layout":"","ast-disable-related-posts":"","theme-transparent-header-meta":"","adv-header-id-meta":"","stick-header-meta":"","header-above-stick-meta":"","header-main-stick-meta":"","header-below-stick-meta":"","astra-migrate-meta-layouts":"default","ast-page-background-enabled":"default","ast-page-background-meta":{"desktop":{"background-color":"var(--ast-global-color-5)","background-image":"","background-repeat":"repeat","background-position":"center center","background-size":"auto","background-attachment":"scroll","background-type":"","background-media":"","overlay-type":"","overlay-color":"","overlay-opacity":"","overlay-gradient":""},"tablet":{"background-color":"","background-image":"","background-repeat":"repeat","background-position":"center center","background-size":"auto","background-attachment":"scroll","background-type":"","background-media":"","overlay-type":"","overlay-color":"","overlay-opacity":"","overlay-gradient":""},"mobile":{"background-color":"","background-image":"","background-repeat":"repeat","background-position":"center center","background-size":"auto","background-attachment":"scroll","background-type":"","background-media":"","overlay-type":"","overlay-color":"","overlay-opacity":"","overlay-gradient":""}},"ast-content-background-meta":{"desktop":{"background-color":"var(--ast-global-color-4)","background-image":"","background-repeat":"repeat","background-position":"center center","background-size":"auto","background-attachment":"scroll","background-type":"","background-media":"","overlay-type":"","overlay-color":"","overlay-opacity":"","overlay-gradient":""},"tablet":{"background-color":"var(--ast-global-color-4)","background-image":"","background-repeat":"repeat","background-position":"center center","background-size":"auto","background-attachment":"scroll","background-type":"","background-media":"","overlay-type":"","overlay-color":"","overlay-opacity":"","overlay-gradient":""},"mobile":{"background-color":"var(--ast-global-color-4)","background-image":"","background-repeat":"repeat","background-position":"center center","background-size":"auto","background-attachment":"scroll","background-type":"","background-media":"","overlay-type":"","overlay-color":"","overlay-opacity":"","overlay-gradient":""}},"footnotes":""},"class_list":["post-287","page","type-page","status-publish","hentry"],"jetpack_sharing_enabled":true,"_links":{"self":[{"href":"https:\/\/actionforclimate.earth\/index.php\/wp-json\/wp\/v2\/pages\/287","targetHints":{"allow":["GET"]}}],"collection":[{"href":"https:\/\/actionforclimate.earth\/index.php\/wp-json\/wp\/v2\/pages"}],"about":[{"href":"https:\/\/actionforclimate.earth\/index.php\/wp-json\/wp\/v2\/types\/page"}],"author":[{"embeddable":true,"href":"https:\/\/actionforclimate.earth\/index.php\/wp-json\/wp\/v2\/users\/1"}],"replies":[{"embeddable":true,"href":"https:\/\/actionforclimate.earth\/index.php\/wp-json\/wp\/v2\/comments?post=287"}],"version-history":[{"count":30,"href":"https:\/\/actionforclimate.earth\/index.php\/wp-json\/wp\/v2\/pages\/287\/revisions"}],"predecessor-version":[{"id":1063,"href":"https:\/\/actionforclimate.earth\/index.php\/wp-json\/wp\/v2\/pages\/287\/revisions\/1063"}],"wp:attachment":[{"href":"https:\/\/actionforclimate.earth\/index.php\/wp-json\/wp\/v2\/media?parent=287"}],"curies":[{"name":"wp","href":"https:\/\/api.w.org\/{rel}","templated":true}]}}

<div class="wp-block-group is-layout-constrained wp-block-group-is-layout-constrained" style="padding-top:0;padding-bottom:0">
<div class="wp-block-columns has-background is-layout-flex wp-container-core-columns-is-layout-28f84493 wp-block-columns-is-layout-flex" style="background-color:#f0f5fa">
<div class="wp-block-column has-background is-layout-flow wp-block-column-is-layout-flow" style="background-color:#f0f5fa">
<h3 class="wp-block-heading">Papel de la conservación privada en la acción climática</h3>



<div class="wp-block-group is-layout-constrained wp-block-group-is-layout-constrained">
<div class="wp-block-columns is-layout-flex wp-container-core-columns-is-layout-28f84493 wp-block-columns-is-layout-flex">
<div class="wp-block-column is-layout-flow wp-block-column-is-layout-flow">
<p>La conservación de áreas naturales o semi-naturales es una <strong>acción climática </strong>que contribuye a la conservación y restauración de la biodiversidad y aporta a la oferta de servicios ambientales como moderación de extremos climáticos, conservación de suelos y seguridad hidrica entre otros.</p>



<p>El ejercicio de conservación privada se realiza en áreas constituidas formalmente como reservas de la sociedad civil (RNSC) y hacen parte del sistema nacional de áres protegidas -SINAP. A agosto de 2025 el área de RNSC en Colombia era de aproximadamente medio millón de hectáreas. Otra modalidad de conservación privada ocurre en predios cuyos propietarios les dan un manejo que incluye aplicación de medidas de conservación, pero no son declarados como RNSC. Esta modalidad de conservación privada se conoce como OMEC, acrónimo de otras medidas efectivas de conservación. A la fecha, según el Ministerio de Ambiente de Colómbia existen 1.919 OMECs que abrcan 4.557,896 ha</p>
</div>



<div class="wp-block-column is-layout-flow wp-block-column-is-layout-flow">
<p>En virtud de su naturaleza voluntaria las RNSC se caracterizan por contar con una gobernanza sólida que facilita la efectividad en el logro de metas de conservación y restauración.</p>



<p>Las RNSC han conformado asociaciones como la Red de Reservas de la Sociedad Civil de alcance nacional y la Red Tasquua cuyas reservas se localizan en el corredor de páramos del centro oriente del país.</p>



<div class="wp-block-columns is-layout-flex wp-container-core-columns-is-layout-28f84493 wp-block-columns-is-layout-flex">
<div class="wp-block-column is-layout-constrained wp-block-column-is-layout-constrained">
<figure class="wp-block-image aligncenter size-full"><img loading="lazy" decoding="async" width="450" height="312" src="https://actionforclimate.earth/wp-content/uploads/2025/08/Logo-resnatur.png" alt="" class="wp-image-291" srcset="https://actionforclimate.earth/wp-content/uploads/2025/08/Logo-resnatur.png 450w, https://actionforclimate.earth/wp-content/uploads/2025/08/Logo-resnatur-300x208.png 300w" sizes="auto, (max-width: 450px) 100vw, 450px" /></figure>
</div>



<div class="wp-block-column is-layout-flow wp-block-column-is-layout-flow">
<figure class="wp-block-image aligncenter size-large is-resized"><img loading="lazy" decoding="async" width="1024" height="1024" src="https://actionforclimate.earth/wp-content/uploads/2025/08/logo-red-tasqua-1024x1024.png" alt="" class="wp-image-290" style="width:158px;height:auto" srcset="https://actionforclimate.earth/wp-content/uploads/2025/08/logo-red-tasqua-1024x1024.png 1024w, https://actionforclimate.earth/wp-content/uploads/2025/08/logo-red-tasqua-100x100.png 100w, https://actionforclimate.earth/wp-content/uploads/2025/08/logo-red-tasqua-300x300.png 300w, https://actionforclimate.earth/wp-content/uploads/2025/08/logo-red-tasqua-150x150.png 150w, https://actionforclimate.earth/wp-content/uploads/2025/08/logo-red-tasqua-1536x1536.png 1536w, https://actionforclimate.earth/wp-content/uploads/2025/08/logo-red-tasqua-2048x2048.png 2048w" sizes="auto, (max-width: 1024px) 100vw, 1024px" /></figure>
</div>
</div>
</div>
</div>
</div>
</div>
</div>



<div class="wp-block-group has-background is-layout-constrained wp-container-core-group-is-layout-cc5218b1 wp-block-group-is-layout-constrained" style="background-color:#f0f5fa;padding-top:var(--wp--preset--spacing--20);padding-right:var(--wp--preset--spacing--30);padding-bottom:var(--wp--preset--spacing--20);padding-left:var(--wp--preset--spacing--30)">
<div class="wp-block-columns has-background is-layout-flex wp-container-core-columns-is-layout-28f84493 wp-block-columns-is-layout-flex" style="background-color:#f0f5fa">
<div class="wp-block-column is-layout-flow wp-block-column-is-layout-flow">
<h3 class="wp-block-heading">Reservas aliadas</h3>
</div>
</div>



<div class="wp-block-columns is-layout-flex wp-container-core-columns-is-layout-28f84493 wp-block-columns-is-layout-flex">
<div class="wp-block-column is-layout-flow wp-block-column-is-layout-flow">
<figure class="wp-block-image size-large"><img loading="lazy" decoding="async" width="1024" height="484" src="https://actionforclimate.earth/wp-content/uploads/2025/08/portada-BLC-1024x484.jpg" alt="" class="wp-image-7" srcset="https://actionforclimate.earth/wp-content/uploads/2025/08/portada-BLC-1024x484.jpg 1024w, https://actionforclimate.earth/wp-content/uploads/2025/08/portada-BLC-600x284.jpg 600w, https://actionforclimate.earth/wp-content/uploads/2025/08/portada-BLC-300x142.jpg 300w, https://actionforclimate.earth/wp-content/uploads/2025/08/portada-BLC-768x363.jpg 768w, https://actionforclimate.earth/wp-content/uploads/2025/08/portada-BLC.jpg 1500w" sizes="auto, (max-width: 1024px) 100vw, 1024px" /><figcaption class="wp-element-caption">Bosque Alto &#8211; Andino RNSC Bosque La Candelaria</figcaption></figure>



<h4 class="wp-block-heading" id="Bosque_La_Candelaria">Bosque La Candelaria</h4>



<p>Ubicada en el municipio de Guasca &#8211; Cundinamarca, veredas El Salitre y Santa Isabel, cuebta con una xtensión de 16,7 ha. Esta reserva, inicitiva de la famlia Richter Bonilla, inició en 1995 con el objetivo de conservar los fragmentos de bosque maduro alto-andino. Paulatina mente se han reemplazado las coberturas de bosque de pino, abriendo espacio para laregeneración y restauración de las coberturas naturales. Aparte de conservar la naturaleza, la reserva cuenta con un programa de formación artística orientado a la población infantil del poblado de El Salitre, contiguo a l reserva.  </p>
</div>



<div class="wp-block-column is-layout-flow wp-block-column-is-layout-flow">
<figure class="wp-block-image size-large"><img loading="lazy" decoding="async" width="1024" height="481" src="https://actionforclimate.earth/wp-content/uploads/2025/08/ChdS_ed-1024x481.jpg" alt="" class="wp-image-300" srcset="https://actionforclimate.earth/wp-content/uploads/2025/08/ChdS_ed-1024x481.jpg 1024w, https://actionforclimate.earth/wp-content/uploads/2025/08/ChdS_ed-600x282.jpg 600w, https://actionforclimate.earth/wp-content/uploads/2025/08/ChdS_ed-300x141.jpg 300w, https://actionforclimate.earth/wp-content/uploads/2025/08/ChdS_ed-768x360.jpg 768w, https://actionforclimate.earth/wp-content/uploads/2025/08/ChdS_ed.jpg 1500w" sizes="auto, (max-width: 1024px) 100vw, 1024px" /><figcaption class="wp-element-caption">Cañón de Las Águilas RNSC Chochal de Siecha</figcaption></figure>



<h4 class="wp-block-heading" id="Chochal_de_Siecha">Chochal de Siecha</h4>



<p>El nombre de la reserva alude a una planta herbácea del género <em>Lupinus</em> comunmente llamada &#8220;chocho&#8221;. La reserva se constituyó en 2017 y es propiedad de la familia Alzate Camargo. Esta reserva cuenta con una ubicación privilegiada por su colindancia con el Río Siecha y la quebrada La Saladera que nacen en el aledaño páramo de Chingaza -sector de lagunas de Sieccha y son fuente de abastecimiento para mas de 150 familias aguas abajo. En esta reserva son frecuentas los avistamientos del Águila Real de Páramo <em>Geranoaetus melanoleucus</em> y de oso andino <em>Tremarctos ornatus</em>. <a href="https://elchochaldesiecha.com/" target="_blank" rel="noreferrer noopener">Mas  información</a>.</p>
</div>
</div>
</div>
</div>

<p>Papel de la conservación privada en la acción climática La conservación de áreas naturales o semi-naturales es una acción climática [&hellip;]</p>
